ulate the highest common factor of 263 and 417.
1
What is the greatest common factor of 1060 and 8803035?
265
What is the highest common divisor of 196 and 984116?
196
What is the highest common divisor of 8 and 195072?
8
Calculate the greatest common divisor of 147 and 71001.
147
Calculate the greatest common factor of 6897 and 40458.
33
Calculate the greatest common divisor of 14208 and 2832.
48
Calculate the highest common divisor of 13038 and 2438.
106
What is the highest common divisor of 519 and 5259027?
519
What is the greatest common divisor of 2135 and 1092815?
305
What is the greatest common factor of 287481 and 316?
79
What is the greatest common divisor of 18 and 354762?
18
What is the greatest common factor of 5804 and 1?
1
What is the highest common divisor of 159 and 410061?
159
What is the greatest common factor of 3890 and 55?
5
Calculate the highest common factor of 111 and 70337.
37
What is the highest common divisor of 141183 and 124173?
1701
What is the greatest common factor of 22 and 950026?
22
Calculate the greatest common factor of 2408 and 384248.
344
Calculate the highest common factor of 60030 and 4640.
290
What is the greatest common divisor of 2120 and 53530?
530
What is the highest common factor of 4669 and 553987?
203
What is the greatest common divisor of 32 and 6924576?
32
Calculate the highest common factor of 744318 and 18.
18
Calculate the greatest common divisor of 2496 and 45888.
192
What is the greatest common divisor of 1309 and 10319?
17
What is the greatest common divisor of 1503 and 2025?
9
What is the greatest common divisor of 36 and 9860?
4
What is the highest common factor of 28 and 66?
2
Calculate the highest common divisor of 28526 and 136.
34
What is the greatest common divisor of 8640 and 4428?
108
Calculate the greatest common divisor of 27516 and 24.
12
What is the greatest common factor of 16 and 6746224?
16
What is the highest common factor of 429 and 572?
143
What is the highest common factor of 11174 and 3848?
74
Calculate the highest common divisor of 103 and 6283.
103
Calculate the greatest common divisor of 1749 and 63600.
159
What is the highest common factor of 200518 and 856?
214
Calculate the greatest common divisor of 808621 and 209.
209
What is the highest common factor of 1490075 and 76?
19
Calculate the greatest common factor of 560 and 8.
8
What is the highest common factor of 5852 and 416689?
133
Calculate the greatest common divisor of 4669 and 406.
203
Calculate the highest common factor of 46 and 49887.
23
What is the highest common divisor of 439838 and 706?
706
What is the highest common factor of 45038 and 567?
7
Calculate the highest common factor of 961 and 23343.
31
What is the highest common factor of 568 and 23785?
71
Calculate the greatest common factor of 2738 and 6.
2
What is the greatest common factor of 146 and 158?
2
Calculate the highest common factor of 969297 and 147.
21
Calculate the highest common divisor of 1185 and 25.
5
What is the greatest common divisor of 220549 and 3215?
643
What is the highest common factor of 8128 and 29632?
64
Calculate the highest common divisor of 43547 and 49.
7
Calculate the greatest common divisor of 10471 and 283.
283
What is the highest common factor of 18648 and 2997?
333
Calculate the greatest common factor of 294 and 16425780.
294
Calculate the highest common factor of 28091 and 98.
7
Calculate the highest common divisor of 249 and 6889.
83
What is the highest common factor of 552 and 30314?
46
Calculate the highest common divisor of 12 and 11352.
12
What is the highest common divisor of 313 and 5087189?
313
What is the highest common divisor of 74191 and 1183?
169
Calculate the highest common factor of 290778 and 42.
6
What is the greatest common divisor of 126 and 279384?
42
Calculate the highest common factor of 799 and 137099.
47
Calculate the greatest common divisor of 43009 and 123.
41
Calculate the highest common factor of 44364 and 24.
12
What is the highest common divisor of 3196 and 13160?
188
Calculate the greatest common divisor of 41789 and 39875.
319
Calculate the greatest common divisor of 6448 and 14976.
208
What is the highest common divisor of 230 and 1886?
46
What is the greatest common divisor of 46 and 31510?
46
Calculate the greatest common factor of 49530 and 52.
26
What is the greatest common divisor of 1960 and 5404?
28
What is the greatest common divisor of 626 and 6573?
313
What is the greatest common divisor of 211670 and 20126?
694
Calculate the highest common factor of 19907 and 170.
17
What is the highest common factor of 21 and 1670151?
21
What is the greatest common divisor of 8438 and 22?
2
Calculate the highest common factor of 120 and 19548.
12
What is the highest common factor of 127533 and 21?
21
Calculate the highest common factor of 8 and 398326.
2
Calculate the highest common divisor of 111875 and 1969.
179
Calculate the greatest common factor of 22 and 169587.
11
Calculate the greatest common divisor of 263 and 2247072.
263
What is the highest common divisor of 39507 and 78?
39
What is the greatest common divisor of 17264 and 3744?
208
Calculate the greatest common factor of 57 and 389127.
3
What is the highest common divisor of 23 and 21919?
23
What is the highest common factor of 5 and 93130?
5
What is the highest common factor of 114136 and 44?
44
Calculate the greatest common factor of 360 and 2057670.
90
What is the greatest common divisor of 10 and 653740?
10
What is the highest common factor of 4411 and 3208?
401
What is the greatest common divisor of 5 and 117265?
5
Calculate the greatest common factor of 901 and 32657.
17
Calculate the highest common factor of 3 and 5388.
3
What is the greatest common factor of 23780 and 51250?
410
What is the highest common factor of 44 and 5742748?
44
Calculate the highest common divisor of 45 and 364215.
15
What is the greatest common divisor of 2030599 and 34?
17
Calculate the highest common factor of 655 and 20.
5
What is the highest common divisor of 6822 and 234?
18
Calculate the highest common factor of 140828 and 76.
76
What is the highest common divisor of 156 and 1387516?
52
What is the greatest common factor of 1768 and 84932?
68
What is the greatest common factor of 126238 and 2982?
994
What is the greatest common factor of 165 and 220?
55
Calculate the highest common divisor of 887481 and 63.
63
What is the greatest common divisor of 80 and 106060?
20
What is the highest common divisor of 274356 and 36?
36
Calculate the highest common factor of 59 and 1926527.
59
Calculate the highest common factor of 849651 and 66.
33
What is the highest common divisor of 323 and 3325?
19
Calculate the highest common divisor of 36283 and 507.
13
What is the highest common divisor of 765 and 680?
85
What is the greatest common divisor of 540 and 34140?
60
Calculate the greatest common divisor of 6 and 2128.
2
What is the highest common divisor of 73870 and 291030?
890
Calculate the greatest common factor of 181295 and 2020.
505
Calculate the greatest common divisor of 36 and 1291320.
36
What is the highest common factor of 1584 and 9936?
144
What is the greatest common divisor of 5184567 and 9?
9
Calculate the highest common divisor of 2143323 and 234.
117
What is the highest common factor of 4096 and 3659776?
2048
What is the greatest common divisor of 18675 and 325?
25
What is the greatest common divisor of 141 and 2381?
1
What is the highest common divisor of 59 and 92984?
59
What is the greatest common factor of 324 and 4562406?
162
Calculate the highest common divisor of 217887 and 118.
59
What is the greatest common divisor of 121924 and 68?
68
What is the highest common divisor of 296 and 1001516?
148
Calculate the highest common factor of 4290 and 406560.
330
Calculate the greatest common divisor of 442 and 73814.
442
Calculate the greatest common divisor of 330505 and 1235.
95
Calculate the highest common factor of 14091 and 22.
11
Calculate the greatest common factor of 125894 and 19.
19
What is the highest common factor of 363 and 2893?
11
What is the highest common divisor of 525 and 38535?
105
Calculate the highest common divisor of 4811 and 442.
17
What is the highest common factor of 1372 and 476?
28
Calculate the g